common factor of 4734 and 18.
18
Calculate the greatest common divisor of 21 and 1113.
21
Calculate the greatest common divisor of 26 and 1.
1
What is the greatest common factor of 32 and 6?
2
What is the highest common divisor of 8 and 248?
8
What is the highest common factor of 1 and 8087?
1
Calculate the greatest common divisor of 325 and 65.
65
Calculate the greatest common divisor of 78 and 102.
6
Calculate the highest common divisor of 372 and 3.
3
What is the greatest common divisor of 435 and 5945?
145
Calculate the greatest common divisor of 16 and 328.
8
What is the greatest common factor of 132 and 1936?
44
What is the highest common factor of 52 and 169?
13
What is the highest common factor of 7716 and 12?
12
What is the greatest common divisor of 18 and 756?
18
Calculate the greatest common factor of 2869 and 19.
19
What is the highest common divisor of 4 and 384?
4
Calculate the greatest common factor of 9 and 549.
9
What is the greatest common divisor of 324 and 891?
81
Calculate the greatest common factor of 108 and 2484.
108
Calculate the greatest common divisor of 27 and 6021.
27
Calculate the highest common divisor of 14105 and 35.
35
What is the greatest common factor of 126 and 147?
21
Calculate the greatest common factor of 152 and 264.
8
Calculate the highest common divisor of 30 and 695.
5
What is the greatest common divisor of 8575 and 700?
175
Calculate the highest common divisor of 78 and 2613.
39
What is the greatest common divisor of 177 and 6?
3
Calculate the highest common divisor of 36 and 2952.
36
What is the greatest common factor of 70 and 1645?
35
Calculate the highest common factor of 47 and 2209.
47
What is the greatest common factor of 28 and 364?
28
What is the greatest common divisor of 110 and 385?
55
Calculate the greatest common factor of 15 and 4515.
15
What is the greatest common divisor of 3192 and 1938?
114
Calculate the highest common factor of 11 and 407.
11
What is the highest common divisor of 150 and 81?
3
Calculate the highest common factor of 106 and 4558.
106
What is the highest common divisor of 90 and 3690?
90
Calculate the highest common factor of 970 and 20.
10
What is the greatest common factor of 1529 and 695?
139
Calculate the greatest common divisor of 1020 and 260.
20
Calculate the greatest common factor of 115 and 161.
23
Calculate the highest common factor of 210 and 252.
42
Calculate the greatest common factor of 11303 and 267.
89
What is the greatest common divisor of 3382 and 494?
38
What is the highest common divisor of 13802 and 206?
206
Calculate the greatest common factor of 231 and 32494.
77
Calculate the greatest common divisor of 29713 and 43.
43
What is the greatest common divisor of 135 and 1215?
135
What is the greatest common divisor of 120 and 75?
15
Calculate the highest common factor of 99 and 144.
9
Calculate the greatest common factor of 27 and 11637.
27
What is the highest common factor of 9 and 49?
1
What is the highest common factor of 46 and 368?
46
What is the highest common factor of 69 and 4232?
23
Calculate the greatest common factor of 688 and 8.
8
What is the greatest common factor of 1386 and 88?
22
Calculate the highest common divisor of 44 and 1639.
11
What is the highest common divisor of 319 and 377?
29
Calculate the highest common divisor of 42 and 140.
14
What is the highest common factor of 147 and 490?
49
Calculate the greatest common factor of 1056 and 99.
33
Calculate the greatest common divisor of 273 and 63.
21
What is the highest common factor of 52 and 546?
26
What is the greatest common factor of 72 and 189?
9
Calculate the highest common factor of 656 and 12.
4
What is the highest common factor of 13157 and 223?
223
Calculate the highest common factor of 164 and 4.
4
What is the highest common divisor of 64 and 16?
16
Calculate the highest common factor of 370 and 148.
74
Calculate the greatest common divisor of 174 and 1450.
58
Calculate the highest common factor of 1344 and 483.
21
What is the highest common divisor of 1363 and 2?
1
What is the highest common divisor of 29 and 4727?
29
What is the greatest common factor of 107 and 963?
107
What is the greatest common divisor of 205 and 9?
1
What is the highest common divisor of 56 and 2436?
28
Calculate the greatest common divisor of 808 and 8.
8
What is the highest common factor of 2330 and 10?
10
What is the greatest common divisor of 50 and 2450?
50
What is the highest common divisor of 30 and 45?
15
Calculate the highest common divisor of 166 and 18758.
166
Calculate the highest common divisor of 416 and 4784.
208
Calculate the greatest common factor of 459 and 51.
51
Calculate the greatest common factor of 35 and 1085.
35
Calculate the highest common factor of 120 and 3648.
24
What is the greatest common factor of 9 and 927?
9
What is the highest common divisor of 30 and 195?
15
What is the highest common factor of 255 and 102?
51
Calculate the highest common divisor of 1520 and 60.
20
Calculate the highest common divisor of 27 and 117.
9
Calculate the greatest common factor of 18 and 477.
9
Calculate the highest common factor of 196 and 1470.
98
What is the highest common divisor of 36 and 6276?
12
What is the greatest common divisor of 243 and 1377?
81
Calculate the highest common divisor of 1430 and 130.
130
Calculate the highest common divisor of 990 and 306.
18
Calculate the greatest common divisor of 72 and 117.
9
Calculate the highest common factor of 18 and 1377.
9
Calculate the highest common factor of 272 and 153.
17
What is the highest common divisor of 493 and 58?
29
Calculate the highest common divisor of 40 and 1460.
20
Calculate the greatest common divisor of 92 and 30038.
46
What is the greatest common divisor of 658 and 376?
94
Calculate the greatest common divisor of 48 and 6632.
8
What is the greatest common factor of 140 and 340?
20
What is the highest common factor of 969 and 1326?
51
What is the greatest common divisor of 21 and 20307?
21
Calculate the highest common divisor of 1400 and 80.
40
What is the greatest common divisor of 189 and 27?
27
Calculate the highest common factor of 1455 and 60.
15
What is the highest common factor of 5986 and 41?
41
Calculate the highest common factor of 24 and 1038.
6
What is the greatest common divisor of 78 and 754?
26
Calculate the greatest common divisor of 2769 and 78.
39
Calculate the greatest common divisor of 235 and 13630.
235
What is the highest common divisor of 77 and 2387?
77
What is the greatest common divisor of 58 and 4118?
58
What is the highest common factor of 3 and 57?
3
What is the highest common factor of 2430 and 18?
18
Calculate the greatest common divisor of 18 and 1017.
9
Calculate the greatest common divisor of 1075 and 25.
25
Calculate the greatest common factor of 704 and 2376.
88
What is the greatest common divisor of 130 and 8450?
130
Calculate the highest common divisor of 13 and 5434.
13
What is the greatest common divisor of 87 and 3248?
29
What is the greatest common factor of 288 and 4248?
72
What is the greatest common divisor of 560 and 42?
14
What is the highest common factor of 8453 and 79?
79
What is the highest common factor of 528 and 64?
16
What is the highest common factor of 4605 and 15?
15
What is the highest common factor of 26 and 13?
13
Calculate the highest common divisor of 473 and 4128.
43
Calculate the highest common factor of 27 and 135.
27
Calculate the greatest common factor of 91 and 455.
91
What is the greatest common factor of 88 and 33?
11
Calculate the highest common divisor of 696 and 36.
12
Calculate the greatest common factor of 22 and 18447.
11
Calculate the greatest common factor of 142 and 1846.
142
Calculate the greatest common factor of 52 and 24.
4
Calculate the greatest common factor of 1247 and 464.
29
Calculate the highest common divisor of 24 and 1032.
24
What is the highest common factor of 39 and 897?
39
Calculate the highest common factor of 901 and 17.
17
Calculate the highest common divisor of 7 and 1468.
1
Calculate the highest common factor of 1160 and 200.
40
What is the highest common factor of 110 and 170?
10
Calculate the greatest common factor of 18 and 8772.
6
What is the greatest common divisor of 72 and 48?
24
Calculate the